omposite?
False
Is 86430847 composite?
False
Is 64146866101 composite?
False
Is 401921617 prime?
True
Is 1712581021 a prime number?
False
Is 101507406629 prime?
False
Is 5488596223 a prime number?
False
Is 4139856751 composite?
True
Is 229879799 a composite number?
False
Is 240083369891 a prime number?
True
Is 560668453 a composite number?
False
Is 7562282918 prime?
False
Is 4048148123 prime?
True
Is 8654912093 a composite number?
True
Is 40558549201 composite?
True
Is 42709925161 composite?
False
Is 61806634009 a prime number?
True
Is 1557395029 a composite number?
False
Is 14446884649 a composite number?
True
Is 110435390833 a composite number?
True
Is 3572076371 a prime number?
True
Is 170113822117 a composite number?
False
Is 19722961057 a prime number?
False
Is 1003045831 a prime number?
True
Is 3733125701 a composite number?
True
Is 3963442277 prime?
True
Is 16593300839 composite?
True
Is 2594469673 a composite number?
False
Is 45807103 a composite number?
False
Is 138756540323 composite?
True
Is 873012493 prime?
True
Is 139420965421 a composite number?
False
Is 4945960493 a prime number?
True
Is 582695983 prime?
False
Is 743919689 composite?
False
Is 22055593531 a prime number?
False
Is 46148449151 a composite number?
True
Is 195689519 a composite number?
False
Is 10930962697 a prime number?
True
Is 6024123529 a prime number?
True
Is 1227864481 prime?
True
Is 26892994643 prime?
True
Is 433099343 a prime number?
False
Is 4689085421 prime?
True
Is 16878683351 composite?
True
Is 2316103943 a prime number?
True
Is 2713385531 prime?
False
Is 7359398767 a prime number?
False
Is 498924949 prime?
False
Is 49796687 a composite number?
True
Is 5377656863 prime?
False
Is 1014801994 composite?
True
Is 137326024211 a prime number?
True
Is 899784137 a prime number?
False
Is 52237519877 a composite number?
False
Is 1025624857 a prime number?
False
Is 1271485093 a prime number?
False
Is 464142151 prime?
False
Is 8647962493 prime?
True
Is 1890891749 a prime number?
True
Is 10533584881 a prime number?
True
Is 394293721 prime?
False
Is 112791233 a prime number?
True
Is 21356453743 prime?
False
Is 45739618159 prime?
True
Is 1628311297 a prime number?
True
Is 732551003 a prime number?
False
Is 53847677194 a prime number?
False
Is 7844887 a prime number?
True
Is 648740497 a prime number?
False
Is 3088400807 prime?
True
Is 2085254651 composite?
False
Is 4563719119 prime?
True
Is 384619783 prime?
True
Is 44008916297 a composite number?
False
Is 388848227 prime?
False
Is 3833425849 prime?
False
Is 25822762741 a composite number?
False
Is 40273614937 composite?
True
Is 557999707 a prime number?
True
Is 96341616599 a composite number?
True
Is 21679491199 a prime number?
True
Is 2845963777 prime?
False
Is 12514264871 a composite number?
False
Is 1341827677 prime?
False
Is 1008195637 prime?
False
Is 300600661 a prime number?
False
Is 1406570203 prime?
True
Is 58724341699 composite?
False
Is 31589596385 a composite number?
True
Is 1172057077 prime?
True
Is 7741296743 composite?
True
Is 262636963 a prime number?
False
Is 40526579077 prime?
True
Is 23362463 prime?
True
Is 404644981557 a prime number?
False
Is 1831770353 a composite number?
True
Is 128381657 composite?
True
Is 765098717 prime?
True
Is 67892962421 prime?
True
Is 589415569 prime?
True
Is 12010688953 a prime number?
False
Is 177842839 composite?
False
Is 1055306921 a composite number?
False
Is 317459539 prime?
True
Is 83117886383 composite?
True
Is 1080835603 a prime number?
True
Is 427542743 a composite number?
False
Is 4939460087 composite?
False
Is 2129600869 a composite number?
True
Is 7346863519 a composite number?
False
Is 1033995947 prime?
False
Is 1664684003 prime?
True
Is 228362165 prime?
False
Is 24347539879 a composite number?
True
Is 7480058039 a composite number?
False
Is 25844831 a composite number?
False
Is 205364701 a composite number?
False
Is 219046237 prime?
True
Is 15594886457 a composite number?
False
Is 40052171363 a prime number?
False
Is 704661337 a composite number?
True
Is 3352847317 a composite number?
False
Is 76669254143 a prime number?
True
Is 2155578913 a composite number?
True
Is 5716904227 prime?
True
Is 14728655057 prime?
True
Is 126528373 a prime number?
True
Is 5499015121 a composite number?
True
Is 19325255941 a composite number?
False
Is 351584573 prime?
True
Is 762765109 a prime number?
True
Is 55344502331 a composite number?
False
Is 6933258791 prime?
True
Is 530491691 a composite number?
True
Is 5886451321 a composite number?
False
Is 20195443831 a prime number?
True
Is 72407161405 a composite number?
True
Is 293159333519 prime?
False
Is 20872106891 prime?
True
Is 2243123863 a prime number?
True
Is 113335903 composite?
False
Is 12062945638 a prime number?
False
Is 390544177 a prime number?
False
Is 151395673787 composite?
False
Is 202359089 a composite number?
False
Is 1907810903 a composite number?
False
Is 87597897137 a composite number?
False
Is 1018478471 composite?
True
Is 198613813 a composite number?
True
Is 11127277181 composite?
False
Is 1483349837 prime?
True
Is 1072902037 a prime number?
True
Is 51968444951 a prime number?
True
Is 3553113721 prime?
True
Is 6225724363 a prime number?
False
Is 25842264611 a composite number?
False
Is 32513822743 composite?
True
Is 11973165377 a composite number?
False
Is 344196247 prime?
True
Is 1908417233 a composite number?
False
Is 3286798369 a prime number?
False
Is 8424567091 composite?
True
Is 6273506557 composite?
False
Is 4185447599 composite?
True
Is 632087471 composite?
False
Is 32207587411 a composite number?
True
Is 27753425123 composite?
True
Is 457850837 a composite number?
True
Is 511528093 prime?
True
Is 102895789019 prime?
False
Is 34888642079 composite?
True
Is 24131897471 a composite number?
True
Is 8228281589 a composite number?
True
Is 2383496513 a composite number?
True
Is 4454574967 composite?
False
Is 11017145639 composite?
False
Is 20430041 a prime number?
True
Is 819335399 prime?
True
Is 21320221109 a prime number?
False
Is 1991955617 composite?
True
Is 265068718 composite?
True
Is 1001473747 prime?
True
Is 12749855147 a composite number?
False
Is 533271779 a composite number?
False
Is 335174989 a composite number?
False
Is 6874317739 composite?
False
Is 8580955787 a composite number?
True
Is 66722972003 prime?
True
Is 8544254029 composite?
True
Is 5542486769 a prime number?
True
Is 10418025671 prime?
False
Is 32394468959 prime?
False
Is 1227548603 composite?
False
Is 206430505 a composite number?
True
Is 23217289 composite?
True
Is 409354811 a prime number?
True
Is 108363421 a composite number?
False
Is 571694993 a prime number?
True
Is 1478534419 prime?
False
Is 29833467761 a prime number?
True
Is 1367875129 composite?
False
Is 23658855919 a prime number?
False
Is 66576126917 a prime number?
False
Is 58365893759 a composite number?
True
Is 1209535111 composite?
True
Is 75723446237 a prime number?
True
Is 94148784043 prime?
True
Is 59278936193 a composite number?
False
Is 20539271693 a composite number?
True
Is 58826400431 a composite number?
False
Is 399550999 prime?
True
Is 57940192433 a composite number?
False
Is 12571671989 a prime number?
False
Is 2417375093 prime?
False
Is 186543983105 prime?
False
Is 144411389827 prime?
False
Is 19177129 composite?
False
Is 976809233 a composite number?
True
Is 1893809821 a prime number?
False
Is 59492358461 a composite number?
False
Is 108912707 prime?
True
Is 1406058607 prime?
True
Is 54767893 composite?
False
Is 39725118859 prime?
True
Is 6907920557 prime?
False
Is 1033064999 composite?
True
Is 2164732253 a prime number?
True
Is 321374083 a prime number?
False
Is 2569651661 a composite number?
False
Is 51893774353 prime?
True
Is 27045152489 a composite number?
False
Is 8623129499 prime?
False
Is 19609459589 a prime number?
True
Is 116246703449 prime?
True
Is 672656399 a composite number?
False
Is 2241247647 a prime number?
False
Is 64725033337 composite?
True
Is 417128027 a composite number?
False
Is 2535176279 composite?
True
Is 1125360811 a composite number?
False
Is 17537255633 a prime number?
False
Is 2277176267 a composite number?
False
Is 883871741 composite?
False
Is 6403087527 a composite number?
True
Is 958765589 composite?
False
Is 242965